it of u?
8
Let x be (-4 - -1) + 7 - 1. Let d = 5 - x. Suppose -17 = -d*h + 13. What is the units digit of h?
5
Let b be 52 - (1 + -3) - 3. Suppose -3*h - z + 24 = 0, 4*h = -h + 2*z + b. What is the units digit of h?
9
What is the tens digit of 2*(22/4 + 3)?
1
Let a = 4 - 2. Suppose -l + a*z + 2*z - 11 = 0, 5*l - 25 = 4*z. What is the units digit of l?
9
Suppose 4*k = -2*x + 6*k - 6, 0 = -5*x - 5*k - 5. Let q be ((-3)/x)/(2/4). Suppose l + 0*l = v + 4, 2*v = q*l - 10. What is the units digit of l?
2
Let b(m) be the second derivative of m**4/12 - m**3 - 11*m**2/2 + m. Let l be b(8). Suppose -3*g = 4*f - 33, 10 + 30 = 5*f + l*g. What is the units digit of f?
9
Let q be 44/6*18/12. Let w be 2/(-11) - (-167)/q. Let s = w + 2. What is the tens digit of s?
1
Suppose 0*m - 66 = -3*m. What is the units digit of m?
2
Let h = 39 + -26. Let f = 41 + h. What is the units digit of f?
4
Let j = 106 + -47. What is the units digit of j?
9
What is the tens digit of 4/10*(2 + 3)*52?
0
Let c be 0 + (-10)/4*-4. Let o = c - 1. Suppose -b = -4*b + o. What is the units digit of b?
3
Suppose 3*a = -2*d + 4, -5*a + 4*a + 2*d = -4. Suppose 4*j - 246 = -a*j. What is the units digit of j?
1
Let f be (-1)/((3/48)/(-1)). What is the units digit of 436/f + (-1)/4?
7
Suppose 2*c + 4*a = 327 - 81, 2*c - 246 = -2*a. What is the hundreds digit of c?
1
Suppose 6*v - 22 + 16 = 0. What is the units digit of v?
1
Let w(z) = 10*z - 4. Let s be w(-3). Let x = s - -71. What is the tens digit of x?
3
Let g(n) = 13*n - 12. Let x be g(-5). Let b = -48 - x. What is the units digit of b?
9
Suppose 5*u = 3*u + 8. Suppose 0 = -u*j + j + 33. What is the tens digit of j?
1
Suppose -6*z - 4*z + 2040 = 0. What is the tens digit of z?
0
Let s(v) = -68*v**3 + v + 1. What is the units digit of s(-1)?
8
Let d = 12 + -1. Let y = -4 + d. What is the units digit of y?
7
Suppose -2*w - 15 = -7*w. Suppose 4*s - 231 = -w*l, -5*s + 2*l + 290 = 6*l. What is the units digit of s?
4
Suppose 3*o + 555 = 6*o. Suppose 5*r - 4*u = o, -2*r = -2*u - 2*u - 62. Let s = -28 + r. What is the tens digit of s?
1
Let r(f) = f - 5. Suppose 25 = 6*l - l. Let v be r(l). Suppose 0 = -2*m + 3*q + 37, v = -2*m - 5*q - 4 + 1. What is the units digit of m?
1
Let w = 21 + -10. What is the tens digit of w?
1
Suppose -4*w + 335 = 35. What is the tens digit of w?
7
Let k be 195/2*2/3. What is the tens digit of k/5 - (0 + 3)?
1
Let v = -12 + 57. What is the units digit of v?
5
Let o(l) = -l**2 - 5*l - 3. Let t = -9 + 13. Suppose -t*m - 31 = 5*i, i + 3 = 3*m - 4*i. What is the units digit of o(m)?
1
Let q(p) = -p**2 - 28*p - 62. What is the tens digit of q(-18)?
1
Suppose -51 - 13 = -b. Suppose -3*u + b = u. What is the units digit of u?
6
Suppose 3*j + 3*f = 7*j - 156, -2*f = 5*j - 172. Suppose 2*o - 40 = j. What is the units digit of o?
8
Suppose -4*n = -5*j - 1219, -n + 5*j = -3*n + 617. What is the hundreds digit of n?
3
Suppose 3*j + 32 = 119. What is the tens digit of j?
2
Let y = 15 + 5. Suppose -3*h + 4*u + 14 = 0, -2 + y = h + 2*u. What is the units digit of h?
0
What is the units digit of 2/(-6) - (-70)/30?
2
Let s be (6/(-3))/((-1)/2). Suppose s*x = 4 - 8. What is the units digit of ((-5)/10)/(x/12)?
6
Suppose 4*z - 6 - 10 = 0. Let w = -6 + z. Let r(x) = -3*x + 2. What is the units digit of r(w)?
8
Let q(z) = -z**3 + 6*z**2 - 7*z + 5. Let l be q(4). Let p = 3 - 0. Suppose -9 - l = -p*c. What is the units digit of c?
6
Suppose -2*a - 4*o - 12 = 0, -7*a + 3*a + 3*o + 31 = 0. Suppose 0*y + y = a. Suppose 10 = y*n - 6. What is the units digit of n?
4
Let k be (-8)/((8/10)/(-4)). Let c be k/22 + 2/11. Suppose -5*f - 20 = 0, c*w + w - 3*f - 45 = 0. What is the units digit of w?
1
Let t(n) = n + 1. Let p(d) = -d - 2. Let i(q) = -p(q) - 4*t(q). Let r be i(-2). Suppose -33 = -r*f + 7. What is the tens digit of f?
1
Suppose -4*f = w - 11, -3*w = -4*f + 2 - 3. Let z(s) = -2*s**f - 2*s**2 + 6*s**2. What is the units digit of z(-2)?
8
Suppose -4*i + 4 = -4. Suppose -3 = -i*s - s. What is the units digit of s?
1
Suppose -3*h + 5 + 4 = 0. Suppose 2*o - 20 = -5*k, -h*k + 34 = 4*o - 6. What is the tens digit of o?
1
Let o(i) = 4*i - 7 + 0*i**3 + 6*i**2 + 3 - i**3 + i. Let y be o(6). Suppose -g - g = -y. What is the tens digit of g?
1
Let u(s) = -3*s**2 + s + 1. Let b be u(-1). Let d be b/(-6) - 50/(-4). What is the units digit of (0/3 - -1)*d?
3
Suppose 4*q - q = 15. Suppose -q*d = -7*d + 10. What is the units digit of d?
5
Let b(l) = -3*l - 1. Let a be b(-1). Suppose 3*j = -a*j + 65. What is the units digit of j?
3
Let o(c) = -c + 3. Let b be o(3). Suppose -2*f - f + 24 = b. What is the units digit of f?
8
Let n = -1053 + 729. What is the tens digit of n/(-24)*4/2?
2
Let o(x) = x**3 - 2*x**2 + 4*x + 1. What is the units digit of o(3)?
2
Let a be (-12)/18*(-1 + 4). Let r be (-81)/63 + a/(-7). What is the units digit of r/(2*3/(-36))?
6
Let v(o) = -3*o - 1. Let p be v(1). Let f be (0 + p)/(8/4). What is the units digit of (-7)/(f + -1 - -2)?
7
Suppose t = -3*t - 48. Let y = 5 + t. What is the units digit of y/(-2)*(-1 + 3)?
7
Let g be (-1)/((-2)/50) - 0. Suppose -k - 3*k + 62 = 5*f, -4*f + 5*k + g = 0. What is the tens digit of f?
1
Let t(i) = -13*i + 1. What is the tens digit of t(-1)?
1
Suppose -20*u - 357 = -23*u. What is the units digit of u?
9
Let h be ((-54)/(-8))/(2/(-8)). Let y = h + 46. What is the tens digit of y?
1
Let h(n) = 2*n - 3. Let i = 25 + -12. Suppose -3*z + i + 2 = 0. What is the units digit of h(z)?
7
Let r = 3 - -1. Let y(h) = 7*h**2 - 2. Let q be y(2). Suppose -3*j - 34 = -4*f, 6*f - r*f + 3*j = q. What is the units digit of f?
0
Suppose 2*g = -6, g - 75 = -2*o + 6*g. What is the units digit of o?
0
Suppose -3*s + 28 = 2*s - c, -40 = -5*s - 5*c. Let f(m) = 7*m**2 - m**3 + 1 + 2 - m**2. What is the units digit of f(s)?
3
Let o(q) = -q**3 - 5*q**2 + 4. Let t be o(-5). Suppose t*i = 2*x + 2*i - 4, i - 8 = -x. Suppose 2*c = z, -c - 2*c = x*z - 65. What is the units digit of z?
0
Suppose 2*f = 2 + 4. Let s be (6 - f)*(1 - 0). Suppose 5*m = s*v - 12 - 4, -3*m - 25 = -4*v. What is the units digit of v?
7
What is the tens digit of (72/(-3))/((-3)/2)?
1
Let f(i) = 4*i**2 - i + 3*i + i - 2*i**2. What is the units digit of f(-2)?
2
Suppose 3*k + 2 = 2*o, -k + 5*k - 9 = 5*o. Let q(w) = 3*w. Let v(p) = 5*p - 1. Let h(l) = k*q(l) + 3*v(l). What is the units digit of h(2)?
3
Suppose -100 = -4*j - 4*f, -3*j + f - 18 + 109 = 0. What is the tens digit of j?
2
Let r(l) = -l + 8. Let g be r(9). Let w = g + 3. What is the units digit of w?
2
Suppose 4*g - g = 6. Suppose 0 = -g*h - 1 - 11. Let i(n) = n**2 + 6*n + 4. What is the units digit of i(h)?
4
Let v(m) = 3*m**2 - 11*m - 29. What is the units digit of v(-7)?
5
Suppose s - 5*w - 190 = -4*s, -2 = -w. What is the tens digit of s?
4
Suppose -30 - 45 = -5*j. Let x = j + -5. What is the tens digit of x?
1
Suppose 16 + 4 = -5*r + 2*d, 4*d - 16 = -2*r. What is the tens digit of 723/27 + r/(-9)?
2
Let d = -108 - -201. What is the units digit of d?
3
Suppose -j = 3*j - 256. What is the units digit of j?
4
Suppose -4*x - 10 = -2*x + 4*d, 0 = -4*x - 4*d - 28. Let m = x - -19. What is the units digit of m?
0
Let w(f) = -f**2 + 6*f - 4. Let u be w(5). Suppose 9*j - 4*j = 10. Suppose -d + j = -u. What is the units digit of d?
3
Let u(l) = -l**3 - 11*l**2 - 12*l + 3. What is the units digit of u(-10)?
3
Let h(n) = n - 3*n + 0 - 3. Suppose -7*s = -3*s + 20. What is the units digit of h(s)?
7
Let f(x) = x**2 - x. Let a(j) = -j**2 - 5*j + 2. Let t(z) = a(z) + 2*f(z). Let q be t(8). Let g = 19 - q. What is the units digit of g?
9
Let b be (-1)/(-1)*(7 + -5). What is the units digit of (1/b)/((-1)/(-26))?
3
Let q(u) = u**3 - 15*u**2 - 11*u + 22. What is the tens digit of q(16)?
0
Suppose -4*q - 2*j = -5*q + 28, -3*q + 75 = 3*j. Let u = q - 2. What is the units digit of u?
4
Let g(u) = 3*u**2 - 9*u + 3*u**2 - u**3 + 5 + 2*u**3. Let b be g(-7). Suppose 3*q = b + 29. What is the tens digit of q?
1
Let w be 24/20*5 + -3. Suppose -w*y + 11 = -1. What is the units digit of y?
4
Let z(b) = 11*b + 2. Let v(w) = 3*w - 7. Let i be v(3). What is the units digit of z(i)?
4
Suppose -2*n - 8 + 26 = 0. Let a = 8 + n. What is the tens digit of a?
1
Suppose -v + 4*h + 98 = v, -5*v - 3*h + 232 = 0. What is the tens dig